2*w + o*c + 13. Suppose 2*d - 66 = -0*d. Calculate the greatest common divisor of w and d.
3
Let v be 0 + -2 + 0 + 4. Let u be 108/6 + 1*v. Let x = -353 - -513. What is the highest common factor of x and u?
20
Suppose -5*k = n + 18, 5*k - 1 = 5*n - 61. Suppose -n*y + 52 = -3*y. What is the highest common factor of 13 and y?
13
Suppose -7*p = -4*p - 336. Let f = -201 + 229. Calculate the highest common divisor of f and p.
28
Let b be (102/4)/((-15)/(-40)). Let y be 2 + 0 + b/4. Suppose 2*c = -2*l + 28, 5*l - 110 = -0*l + 3*c. Calculate the greatest common factor of y and l.
19
Suppose 2*g + 2*a - 8 = 2, -2*a = 3*g - 16. Let m be ((-4)/g)/(4/(-18)). What is the highest common divisor of m and 15?
3
Suppose 3*u + 0*u = 672. Let n = 23 + -21. Suppose n*h + u = 6*h. Calculate the highest common factor of 8 and h.
8
Let z(y) = -y**3 + 3*y**2 + 2*y - 3. Let p be z(3). Let t be p*(1848/9)/4. What is the highest common factor of t and 14?
14
Suppose 5*t - 3*y = -2*y + 84, -3*t + 2*y + 56 = 0. What is the highest common factor of 144 and t?
16
Suppose -3*j - 6 = -5*f, 2*f + 2*j + j = 15. Calculate the highest common factor of f and 27.
3
Suppose 2*p - 134 = -2*g, 4*g = -9*p + 7*p + 278. Let y be 8/(2*2/4). What is the highest common divisor of y and g?
8
Let z be (0/(-1))/(-1) + 3. Suppose 0 = z*b + b - 28. Suppose -4*f = -l + 44, 3*f - 72 = -5*l + 2*l. Calculate the highest common divisor of b and l.
7
Let z = 81 + -153. Let q = z + 132. Let l be (0 - 0) + -1 - -13. What is the highest common divisor of q and l?
12
Let s = 5 - 4. Let v be 72*(-2 + 3/s). Calculate the highest common factor of v and 18.
18
Suppose 3*q - w = -0*q + 18, -5*q - 3*w = -16. Suppose q - 13 = -2*x. Calculate the greatest common factor of x and 32.
4
Suppose -28 = 6*d - 112. What is the highest common factor of d and 35?
7
Let z be 85/(-2)*144/60. Let k = z - -174. What is the highest common divisor of k and 9?
9
Let o(g) = g**3 + 26*g**2 - 27*g + 10. Let u be o(-27). What is the greatest common factor of u and 20?
10
Let v = 29 - 11. Suppose 0 = -m - 4*c + 186, -2*c + 6*c = -2*m + 384. What is the greatest common factor of v and m?
18
Let k(t) = 9*t**3 + 3*t - 2. Let g be k(1). Suppose -40 = -2*r + 36. Suppose -4*j = -g - r. Calculate the highest common divisor of 60 and j.
12
Let h be 3 + 73 + 4 + 0. Calculate the greatest common factor of h and 32.
16
Let v = 16 + 17. Calculate the highest common factor of v and 3.
3
Suppose -8 = -4*d + 8. Calculate the highest common divisor of 10 and d.
2
Let c be -193 - 6 - 1*-1. Let k be c/(-7) - 2/7. Suppose -3*z + 196 = -14. What is the greatest common divisor of k and z?
14
Let z(f) = -8*f - 6. Let p be z(-2). Calculate the greatest common divisor of 80 and p.
10
Let k(j) = 2*j**2 - 10*j + 26. Let h be k(3). Let y(o) = 22*o**2 - 2*o + 1. Let x be y(1). Calculate the greatest common factor of x and h.
7
Let i be (4/(-10))/(3/(-15)). Let x be 2*((-9)/6 + i). Let v be 162 + x - (-2 - 0). Calculate the highest common factor of v and 15.
15
Let j(x) = x**3 - x**2 - x + 1. Let c be j(2). Suppose -3*y = -2*p + 72, -p + 44 - 5 = -3*y. Calculate the highest common divisor of p and c.
3
Let d be (-2 + 42/9)*9. Suppose 36 = 4*m - m. Calculate the greatest common factor of m and d.
12
Let x = -14 - -32. Calculate the greatest common factor of x and 36.
18
Let f be -5 - -3 - 2 - -18. What is the greatest common factor of 2 and f?
2
Let u(l) = 12*l + 6. Let x be u(-5). Let i = x - -83. Let j = 97 - i. What is the greatest common factor of j and 17?
17
Let l = -7 - -15. Let h = -2 + 3. Let b be (0 + -1)/(h*-1). What is the highest common divisor of b and l?
1
Suppose -59 = -y - 35. Calculate the highest common divisor of y and 16.
8
Let w(z) = -19*z**3 - z**2 + 1. Let o be w(-1). Let j(m) = m**3 - 19*m**2 - 1. Let x be j(19). Let y = x + o. What is the greatest common divisor of 6 and y?
6
Suppose 3*d + 2*z = -70, -d - 3*d - 86 = -z. Let c be (d/(-4))/((-6)/(-12)). Calculate the highest common factor of c and 22.
11
Suppose -2*b = -6 - 0. Suppose b*w - 66 = -2*u, 3*w = -2*w + 10. What is the highest common factor of 60 and u?
30
Let p = 9 - 2. Let y = p - 10. Let n be (2/y)/(18/(-189)). Calculate the greatest common divisor of 7 and n.
7
Suppose 0 = -4*k + 6*k - 28. Suppose 3*z = 9 + 6, 244 = 4*t + 4*z. Calculate the greatest common divisor of k and t.
14
Suppose d = 2*a + 36 + 11, -138 = -3*d + 3*a. What is the highest common factor of 30 and d?
15
Suppose -5*h + 51 = -2*h. Let a = 190 + -105. Calculate the greatest common factor of a and h.
17
Suppose -43 = -0*q - 3*q + b, 3*q - 38 = -4*b. Suppose 3*m - q = m. Let j = 46 - 25. What is the highest common divisor of j and m?
7
Suppose 2*z - 5*m - 258 = 173, 4*m + 220 = z. What is the greatest common factor of z and 13?
13
Let h be (0 + 8/(-6))*-18. What is the highest common divisor of h and 12?
12
Let p be 4 - (2 - (3 - 7)). Let j be 133 + (-10)/p + -3. What is the greatest common factor of j and 27?
27
Let u(p) = -p**3 + 13*p**2 - 10*p - 16. Let v be u(12). Suppose 4*r + 0*r - v = 0, -r = -4*n + 50. What is the greatest common factor of n and 78?
13
Let u(v) = v**2 - v - 26. Let i be u(6). Let f = 4 + 6. What is the greatest common factor of i and f?
2
Suppose 0*j + 4*x + 36 = 4*j, -4*j + 43 = 3*x. What is the highest common divisor of j and 10?
10
Let m(g) = -g**3 + 10*g**2 - 11*g - 6. Let r be m(6). Calculate the highest common factor of 54 and r.
18
Let g = 129 - 104. What is the greatest common factor of 15 and g?
5
Suppose -3*k - 5 = 2*k + 5*o, 5*k + 3*o + 1 = 0. Let q be 3/6*12/k. Suppose 0 = -r - 4 + 10. What is the greatest common factor of q and r?
6
Let v = -2 - -6. Suppose -2*d = -4*r - 48, -2*d - 2*r + 24 = -0*d. Calculate the greatest common factor of v and d.
4
Suppose -s + 45 = -4*v + 9*v, 0 = -5*v + 4*s + 70. Calculate the highest common factor of v and 25.
5
Let c(l) = -l - 5. Let w be c(-6). Let q(f) = 19*f + 1. Let h be q(w). Let s = -17 + 67. Calculate the greatest common factor of s and h.
10
Let i(f) = 8*f. Let h be i(2). Calculate the greatest common factor of 64 and h.
16
Let k = 81 + -68. What is the highest common divisor of 182 and k?
13
Let z(l) = 19*l + 1. Let h be (1 - -1) + 0 + -1. Let x be z(h). Let w(d) = 2*d**2 - d + 2. Let i be w(2). What is the highest common divisor of x and i?
4
Suppose 3*l - 2 = 4. Let b be (3/(-6))/(1/(-4)). Calculate the highest common factor of b and l.
2
Let z(f) = -4*f**3 - 7*f**2 - 3*f - 9. Let n be z(-3). Let o be 12/((-4)/(-30)*3). What is the highest common divisor of n and o?
15
Suppose 0 = o - 5*o + 84. What is the greatest common divisor of 3 and o?
3
Let d = -6 + 11. Suppose 2*f - 54 = -4*k, -d*f + 4*k = -0*k - 177. Calculate the highest common factor of 3 and f.
3
Suppose -2*c = 4*c - 30. Suppose 116 = 4*u + r, c*r = -u + 6*u - 120. Calculate the greatest common divisor of u and 14.
14
Let h be ((-2)/(-3))/((-4)/(-78)). Let a = 52 + -75. Let g = a + 62. Calculate the highest common divisor of h and g.
13
Suppose -110 = -0*k - 5*k. Calculate the greatest common divisor of 110 and k.
22
Let p(c) = -c**3 + 8*c**2 + 11*c + 2. Let v be p(9). Let r be (10/7)/(1/7). What is the highest common factor of r and v?
10
Suppose -19 = -2*g - v - 0*v, -3*g + v + 21 = 0. Calculate the highest common factor of g and 24.
8
Let x(h) = 3*h**2 - 6*h + 5. Let a be x(3). What is the highest common factor of a and 112?
14
Suppose 0 = 3*y - 5*b - 12, 0*y - 6 = y - 5*b. What is the greatest common factor of 45 and y?
9
Suppose -3*x - 2*x = 0. Suppose -4*q + q + 3 = x. Calculate the greatest common divisor of q and 1.
1
Suppose -j - 5 = -1. Let v be (j + -2)*(-1)/3. Suppose -2*s - v*n = 3*s - 74, -3*s + 3*n + 36 = 0. Calculate the highest common factor of s and 2.
2
Suppose -3*h = -7*n + 2*n + 24, -9 = -4*n - h. Suppose 0*v + 2*c = v + 2, 4*c - 2 = n*v. Suppose -f = f - 4. What is the highest common factor of v and f?
2
Suppose -6 = -8*k + 6*k. Calculate the highest common factor of 15 and k.
3
Let l(h) = 23*h**2 + 6*h - 2. Suppose 2*y + 0*y = -6. Let z be l(y). Calculate the highest common divisor of 17 and z.
17
Suppose 140 = v + v. Suppose -19 = -5*y + 121. What is the highest common divisor of v and y?
14
Let r = 19 + -13. What is the highest comm